test common divisor of 2904903 and 243?
81
Calculate the greatest common divisor of 10001 and 6576.
137
What is the highest common divisor of 240 and 26736?
48
Calculate the greatest common factor of 474 and 644482.
158
Calculate the greatest common divisor of 57945 and 30.
15
Calculate the greatest common divisor of 75948 and 12.
12
What is the highest common factor of 9180 and 138159?
459
What is the greatest common divisor of 43424 and 1426?
46
Calculate the greatest common factor of 432290 and 4976.
622
Calculate the highest common divisor of 715205 and 57125.
2285
Calculate the greatest common divisor of 4215740 and 100.
20
Calculate the highest common divisor of 6 and 10978692.
6
Calculate the highest common divisor of 21 and 3087231.
21
Calculate the greatest common divisor of 31941 and 3402.
189
What is the highest common divisor of 28740 and 96?
12
Calculate the highest common factor of 13840 and 120.
40
Calculate the highest common divisor of 97555 and 218.
109
Calculate the greatest common factor of 3410 and 3652792.
682
Calculate the greatest common factor of 40 and 204936.
8
Calculate the greatest common factor of 1508 and 2030.
58
Calculate the highest common factor of 33 and 3773.
11
What is the greatest common divisor of 8159 and 13940?
41
What is the greatest common divisor of 2240 and 49920?
320
What is the highest common divisor of 75 and 54450?
75
Calculate the greatest common divisor of 1452 and 954.
6
Calculate the highest common factor of 2101 and 97009.
11
Calculate the highest common factor of 8932 and 3598.
14
Calculate the greatest common divisor of 501 and 185871.
501
What is the greatest common divisor of 104656 and 11394?
422
Calculate the highest common divisor of 44529 and 15.
3
Calculate the highest common factor of 14025 and 264605.
935
What is the highest common factor of 92 and 17434?
46
Calculate the greatest common factor of 53 and 4733059.
53
What is the greatest common factor of 8178 and 462?
6
What is the greatest common divisor of 5056 and 1379340?
316
What is the highest common factor of 44436 and 1344?
84
Calculate the greatest common divisor of 102538 and 921.
307
What is the greatest common factor of 141 and 220524?
141
Calculate the highest common factor of 484022 and 154.
154
What is the highest common divisor of 262 and 106241?
131
Calculate the greatest common divisor of 726 and 179806.
242
Calculate the highest common factor of 17966 and 390.
26
What is the highest common factor of 6090 and 65?
5
Calculate the highest common divisor of 3175 and 213360.
635
What is the highest common divisor of 4725 and 39025?
175
What is the greatest common divisor of 82608 and 324?
12
What is the highest common factor of 1302 and 930?
186
Calculate the greatest common factor of 805545 and 4212.
1053
Calculate the highest common divisor of 958 and 23.
1
Calculate the highest common factor of 16 and 1172.
4
What is the highest common divisor of 19448 and 1683?
187
What is the highest common divisor of 459836 and 3824?
956
Calculate the greatest common divisor of 44103 and 3111.
183
Calculate the greatest common factor of 11 and 65373.
11
What is the greatest common factor of 1133 and 1952159?
1133
What is the highest common factor of 20 and 167565?
5
Calculate the greatest common factor of 426 and 368206.
142
What is the highest common divisor of 70163 and 1?
1
What is the highest common factor of 14 and 13?
1
Calculate the greatest common divisor of 90 and 76725.
45
Calculate the highest common factor of 22 and 65153.
11
What is the greatest common factor of 87303 and 6?
3
Calculate the highest common factor of 42393 and 52.
13
What is the greatest common divisor of 116291 and 5439?
259
Calculate the greatest common factor of 16082 and 154.
22
What is the highest common factor of 39 and 2908113?
39
Calculate the greatest common factor of 3864 and 8904.
168
What is the greatest common factor of 2508 and 1018875?
627
Calculate the highest common factor of 13912418 and 338.
338
What is the highest common divisor of 412 and 33868?
4
Calculate the greatest common divisor of 1480307 and 269.
269
What is the greatest common factor of 750 and 29000?
250
Calculate the highest common factor of 140537 and 313.
313
Calculate the greatest common factor of 117159 and 126.
21
What is the greatest common divisor of 2675 and 300777?
107
What is the greatest common divisor of 136 and 48756?
68
What is the greatest common factor of 15215 and 680?
85
What is the highest common factor of 44672 and 1047?
349
Calculate the greatest common factor of 63215 and 235.
235
Calculate the highest common divisor of 1672 and 59147.
209
What is the highest common factor of 30589 and 362?
181
Calculate the highest common factor of 111075 and 75.
75
Calculate the highest common factor of 873 and 2158929.
873
What is the greatest common divisor of 137348 and 4?
4
What is the highest common divisor of 58606 and 2?
2
What is the highest common divisor of 220 and 109230?
110
Calculate the greatest common divisor of 81 and 8348.
1
Calculate the highest common factor of 4568 and 2855.
571
What is the highest common divisor of 3941 and 5?
1
Calculate the highest common factor of 4032 and 70336.
448
Calculate the greatest common divisor of 59 and 1411811.
59
What is the greatest common divisor of 3509 and 11737?
121
What is the highest common factor of 84 and 79218?
6
What is the greatest common divisor of 1141 and 1701?
7
Calculate the highest common divisor of 7885 and 2128.
19
Calculate the highest common divisor of 280 and 142940.
140
What is the highest common factor of 306611 and 379?
379
What is the highest common divisor of 3719 and 2?
1
Calculate the highest common factor of 18540 and 40.
20
What is the greatest common divisor of 2010 and 2580?
30
Calculate the greatest common divisor of 717 and 136.
1
Calculate the greatest common divisor of 2340 and 738.
18
What is the greatest common divisor of 92925 and 2175?
75
What is the highest common divisor of 1590 and 1950?
30
What is the highest common divisor of 792615 and 27030?
795
What is the highest common factor of 40 and 350120?
40
What is the greatest common factor of 395 and 70690?
5
What is the greatest common divisor of 160 and 180?
20
What is the highest common factor of 387 and 38528?
43
What is the highest common divisor of 169 and 10309?
169
Calculate the greatest common divisor of 782 and 161782.
46
What is the greatest common divisor of 1696 and 117554?
106
What is the greatest common divisor of 2863494 and 81?
9
Calculate the greatest common factor of 515 and 176954.
103
Calculate the highest common divisor of 20214 and 1242.
18
What is the highest common factor of 786012 and 204?
204
Calculate the greatest common divisor of 431365 and 605.
605
What is the highest common factor of 221 and 139308?
13
Calculate the highest common factor of 109339 and 53.
53
What is the highest common divisor of 315 and 2710050?
105
Calculate the greatest common factor of 125864 and 6.
2
Calculate the highest common factor of 27756 and 324.
108
Calculate the greatest common divisor of 3232 and 129684.
404
What is the greatest common factor of 113373 and 68?
17
Calculate the greatest common divisor of 26912 and 320.
32
Calculate the greatest common factor of 454 and 4063754.
454
What is the highest common divisor of 8432 and 760368?
496
What is the highest common factor of 2490 and 5730?
30
What is the greatest common divisor of 148 and 125652?
148
What is the greatest common factor of 18946224 and 1188?
1188
Calculate the greatest common factor of 50607 and 72.
9
What is the greatest common factor of 3528 and 284984?
392
What is the highest common divisor of 568297 and 359?
359
What is the greatest common factor of 3479 and 119?
7
What is the greatest common divisor of 822 and 138?
6
Calculate the greatest common divisor of 556 and 3034926.
278
Calculate the greatest common divisor of 40015 and 530.
265
Calculate the greatest common factor of 1464 and 17250312.
1464
Calculate the highest common factor of 3634 and 34.
2
Calculate the greatest common factor of 3656 and 20.
4
Calculate the greatest common factor of 6 and 16158.
6
Calculate the greatest common factor of 299 and 99797.
23
Calculate th